{"id":16,"date":"2024-11-04T14:45:48","date_gmt":"2024-11-04T13:45:48","guid":{"rendered":"http:\/\/arteva.org\/?page_id=16"},"modified":"2026-05-02T14:17:20","modified_gmt":"2026-05-02T12:17:20","slug":"arteva-bienvenue-sur-le-site-arteva","status":"publish","type":"page","link":"https:\/\/arteva.org\/","title":{"rendered":"ARTEVA cr\u00e9ateur d&rsquo;\u00e9v\u00e9nements artistiques"},"content":{"rendered":"\n<p class=\"has-text-align-center\">Bienvenue sur le site ARTEVA : cr\u00e9ateur d&rsquo;\u00e9v\u00e9nements artistiques<\/p>\n\n\n<div class=\"wp-block-image\">\n<figure class=\"aligncenter size-medium\"><img loading=\"lazy\" decoding=\"async\" width=\"300\" height=\"270\" src=\"https:\/\/arteva.org\/wp-content\/uploads\/2024\/11\/Un-evenement-ARTEVA-300x270.jpg\" alt=\"ARTEVA \u00e9v\u00e9nement\" class=\"wp-image-6\" srcset=\"https:\/\/arteva.org\/wp-content\/uploads\/2024\/11\/Un-evenement-ARTEVA-300x270.jpg 300w, https:\/\/arteva.org\/wp-content\/uploads\/2024\/11\/Un-evenement-ARTEVA-768x692.jpg 768w, https:\/\/arteva.org\/wp-content\/uploads\/2024\/11\/Un-evenement-ARTEVA.jpg 940w\" sizes=\"auto, (max-width: 300px) 100vw, 300px\" \/><\/figure>\n<\/div>\n\n\n<figure class=\"wp-block-image size-full\"><img loading=\"lazy\" decoding=\"async\" width=\"606\" height=\"281\" src=\"https:\/\/arteva.org\/wp-content\/uploads\/2026\/05\/BANDEAU-LES-CAUSERIES-ARTEVA_du-20-mai-2026_modifie-2.jpg\" alt=\"\" class=\"wp-image-396\" srcset=\"https:\/\/arteva.org\/wp-content\/uploads\/2026\/05\/BANDEAU-LES-CAUSERIES-ARTEVA_du-20-mai-2026_modifie-2.jpg 606w, https:\/\/arteva.org\/wp-content\/uploads\/2026\/05\/BANDEAU-LES-CAUSERIES-ARTEVA_du-20-mai-2026_modifie-2-300x139.jpg 300w\" sizes=\"auto, (max-width: 606px) 100vw, 606px\" \/><\/figure>\n\n\n\n<p>Pour en savoir plus : cliquer <a href=\"https:\/\/arteva.org\/index.php\/les-causeries-arteva-2\/\">ici<\/a>      &#8211;      Inscription : cliquez <a href=\"https:\/\/arteva.org\/index.php\/contactez-nous\/\">ici<\/a> <\/p>\n\n\n\n<figure class=\"wp-block-image size-full\"><a href=\"https:\/\/arteva.org\/index.php\/autres-expositions-arteva\/\"><img loading=\"lazy\" decoding=\"async\" width=\"606\" height=\"191\" src=\"https:\/\/arteva.org\/wp-content\/uploads\/2026\/03\/BANDEAU-ARTEVA-EXPOSITION-17-au-20-septembre-2026-OK_modifie-2.jpg\" alt=\"\" class=\"wp-image-347\" srcset=\"https:\/\/arteva.org\/wp-content\/uploads\/2026\/03\/BANDEAU-ARTEVA-EXPOSITION-17-au-20-septembre-2026-OK_modifie-2.jpg 606w, https:\/\/arteva.org\/wp-content\/uploads\/2026\/03\/BANDEAU-ARTEVA-EXPOSITION-17-au-20-septembre-2026-OK_modifie-2-300x95.jpg 300w\" sizes=\"auto, (max-width: 606px) 100vw, 606px\" \/><\/a><\/figure>\n\n\n\n<p>Pour en savoir plus : cliquer <a href=\"https:\/\/arteva.org\/index.php\/autres-expositions-arteva\/\">ici<\/a> <\/p>\n","protected":false},"excerpt":{"rendered":"<p>Bienvenue sur le site ARTEVA : cr\u00e9ateur d&rsquo;\u00e9v\u00e9nements artistiques Pour en savoir plus : cliquer ici &#8211; Inscription : cliquez ici Pour en savoir plus : cliquer ici<\/p>\n","protected":false},"author":1,"featured_media":0,"parent":0,"menu_order":0,"comment_status":"closed","ping_status":"closed","template":"","meta":{"footnotes":""},"class_list":["post-16","page","type-page","status-publish","hentry"],"yoast_head":"<!-- This site is optimized with the Yoast SEO plugin v27.5 - https:\/\/yoast.com\/product\/yoast-seo-wordpress\/ -->\n<title>ARTEVA cr\u00e9ateur d&#039;\u00e9v\u00e9nements artistiques - ARTEVA<\/title>\n<meta name=\"description\" content=\"ARTEVA : Son objet principal est la cr\u00e9ation de manifestations favorisant la mise en valeur et la promotion du travail des artistes, essentiellement dans le domaine des arts plastiques.\" \/>\n<meta name=\"robots\" content=\"index, follow, max-snippet:-1, max-image-preview:large, max-video-preview:-1\" \/>\n<link rel=\"canonical\" href=\"https:\/\/arteva.org\/\" \/>\n<meta property=\"og:locale\" content=\"fr_FR\" \/>\n<meta property=\"og:type\" content=\"article\" \/>\n<meta property=\"og:title\" content=\"ARTEVA cr\u00e9ateur d&#039;\u00e9v\u00e9nements artistiques - ARTEVA\" \/>\n<meta property=\"og:description\" content=\"ARTEVA : Son objet principal est la cr\u00e9ation de manifestations favorisant la mise en valeur et la promotion du travail des artistes, essentiellement dans le domaine des arts plastiques.\" \/>\n<meta property=\"og:url\" content=\"https:\/\/arteva.org\/\" \/>\n<meta property=\"og:site_name\" content=\"ARTEVA\" \/>\n<meta property=\"article:modified_time\" content=\"2026-05-02T12:17:20+00:00\" \/>\n<meta property=\"og:image\" content=\"https:\/\/arteva.org\/wp-content\/uploads\/2024\/11\/Un-evenement-ARTEVA.jpg\" \/>\n\t<meta property=\"og:image:width\" content=\"940\" \/>\n\t<meta property=\"og:image:height\" content=\"847\" \/>\n\t<meta property=\"og:image:type\" content=\"image\/jpeg\" \/>\n<meta name=\"twitter:card\" content=\"summary_large_image\" \/>\n<meta name=\"twitter:label1\" content=\"Dur\u00e9e de lecture estim\u00e9e\" \/>\n\t<meta name=\"twitter:data1\" content=\"1 minute\" \/>\n<script type=\"application\/ld+json\" class=\"yoast-schema-graph\">{\"@context\":\"https:\\\/\\\/schema.org\",\"@graph\":[{\"@type\":\"WebPage\",\"@id\":\"https:\\\/\\\/arteva.org\\\/\",\"url\":\"https:\\\/\\\/arteva.org\\\/\",\"name\":\"ARTEVA cr\u00e9ateur d'\u00e9v\u00e9nements artistiques - ARTEVA\",\"isPartOf\":{\"@id\":\"https:\\\/\\\/arteva.org\\\/#website\"},\"primaryImageOfPage\":{\"@id\":\"https:\\\/\\\/arteva.org\\\/#primaryimage\"},\"image\":{\"@id\":\"https:\\\/\\\/arteva.org\\\/#primaryimage\"},\"thumbnailUrl\":\"https:\\\/\\\/arteva.org\\\/wp-content\\\/uploads\\\/2024\\\/11\\\/Un-evenement-ARTEVA-300x270.jpg\",\"datePublished\":\"2024-11-04T13:45:48+00:00\",\"dateModified\":\"2026-05-02T12:17:20+00:00\",\"description\":\"ARTEVA : Son objet principal est la cr\u00e9ation de manifestations favorisant la mise en valeur et la promotion du travail des artistes, essentiellement dans le domaine des arts plastiques.\",\"breadcrumb\":{\"@id\":\"https:\\\/\\\/arteva.org\\\/#breadcrumb\"},\"inLanguage\":\"fr-FR\",\"potentialAction\":[{\"@type\":\"ReadAction\",\"target\":[\"https:\\\/\\\/arteva.org\\\/\"]}]},{\"@type\":\"ImageObject\",\"inLanguage\":\"fr-FR\",\"@id\":\"https:\\\/\\\/arteva.org\\\/#primaryimage\",\"url\":\"https:\\\/\\\/arteva.org\\\/wp-content\\\/uploads\\\/2024\\\/11\\\/Un-evenement-ARTEVA.jpg\",\"contentUrl\":\"https:\\\/\\\/arteva.org\\\/wp-content\\\/uploads\\\/2024\\\/11\\\/Un-evenement-ARTEVA.jpg\",\"width\":940,\"height\":847,\"caption\":\"ARTEVA \u00e9v\u00e9nement\"},{\"@type\":\"BreadcrumbList\",\"@id\":\"https:\\\/\\\/arteva.org\\\/#breadcrumb\",\"itemListElement\":[{\"@type\":\"ListItem\",\"position\":1,\"name\":\"Accueil\",\"item\":\"https:\\\/\\\/arteva.org\\\/\"},{\"@type\":\"ListItem\",\"position\":2,\"name\":\"ARTEVA cr\u00e9ateur d&rsquo;\u00e9v\u00e9nements artistiques\"}]},{\"@type\":\"WebSite\",\"@id\":\"https:\\\/\\\/arteva.org\\\/#website\",\"url\":\"https:\\\/\\\/arteva.org\\\/\",\"name\":\"ARTEVA\",\"description\":\"Bienvenue sur le site ARTEVA : cr\u00e9ateur d&#039;\u00e9v\u00e9nements artistiques\",\"publisher\":{\"@id\":\"https:\\\/\\\/arteva.org\\\/#organization\"},\"potentialAction\":[{\"@type\":\"SearchAction\",\"target\":{\"@type\":\"EntryPoint\",\"urlTemplate\":\"https:\\\/\\\/arteva.org\\\/?s={search_term_string}\"},\"query-input\":{\"@type\":\"PropertyValueSpecification\",\"valueRequired\":true,\"valueName\":\"search_term_string\"}}],\"inLanguage\":\"fr-FR\"},{\"@type\":\"Organization\",\"@id\":\"https:\\\/\\\/arteva.org\\\/#organization\",\"name\":\"ARTEVA\",\"url\":\"https:\\\/\\\/arteva.org\\\/\",\"logo\":{\"@type\":\"ImageObject\",\"inLanguage\":\"fr-FR\",\"@id\":\"https:\\\/\\\/arteva.org\\\/#\\\/schema\\\/logo\\\/image\\\/\",\"url\":\"http:\\\/\\\/arteva.org\\\/wp-content\\\/uploads\\\/2024\\\/11\\\/event_arteva.gif\",\"contentUrl\":\"http:\\\/\\\/arteva.org\\\/wp-content\\\/uploads\\\/2024\\\/11\\\/event_arteva.gif\",\"width\":83,\"height\":20,\"caption\":\"ARTEVA\"},\"image\":{\"@id\":\"https:\\\/\\\/arteva.org\\\/#\\\/schema\\\/logo\\\/image\\\/\"}}]}<\/script>\n<!-- \/ Yoast SEO plugin. -->","yoast_head_json":{"title":"ARTEVA cr\u00e9ateur d'\u00e9v\u00e9nements artistiques - ARTEVA","description":"ARTEVA : Son objet principal est la cr\u00e9ation de manifestations favorisant la mise en valeur et la promotion du travail des artistes, essentiellement dans le domaine des arts plastiques.","robots":{"index":"index","follow":"follow","max-snippet":"max-snippet:-1","max-image-preview":"max-image-preview:large","max-video-preview":"max-video-preview:-1"},"canonical":"https:\/\/arteva.org\/","og_locale":"fr_FR","og_type":"article","og_title":"ARTEVA cr\u00e9ateur d'\u00e9v\u00e9nements artistiques - ARTEVA","og_description":"ARTEVA : Son objet principal est la cr\u00e9ation de manifestations favorisant la mise en valeur et la promotion du travail des artistes, essentiellement dans le domaine des arts plastiques.","og_url":"https:\/\/arteva.org\/","og_site_name":"ARTEVA","article_modified_time":"2026-05-02T12:17:20+00:00","og_image":[{"width":940,"height":847,"url":"https:\/\/arteva.org\/wp-content\/uploads\/2024\/11\/Un-evenement-ARTEVA.jpg","type":"image\/jpeg"}],"twitter_card":"summary_large_image","twitter_misc":{"Dur\u00e9e de lecture estim\u00e9e":"1 minute"},"schema":{"@context":"https:\/\/schema.org","@graph":[{"@type":"WebPage","@id":"https:\/\/arteva.org\/","url":"https:\/\/arteva.org\/","name":"ARTEVA cr\u00e9ateur d'\u00e9v\u00e9nements artistiques - ARTEVA","isPartOf":{"@id":"https:\/\/arteva.org\/#website"},"primaryImageOfPage":{"@id":"https:\/\/arteva.org\/#primaryimage"},"image":{"@id":"https:\/\/arteva.org\/#primaryimage"},"thumbnailUrl":"https:\/\/arteva.org\/wp-content\/uploads\/2024\/11\/Un-evenement-ARTEVA-300x270.jpg","datePublished":"2024-11-04T13:45:48+00:00","dateModified":"2026-05-02T12:17:20+00:00","description":"ARTEVA : Son objet principal est la cr\u00e9ation de manifestations favorisant la mise en valeur et la promotion du travail des artistes, essentiellement dans le domaine des arts plastiques.","breadcrumb":{"@id":"https:\/\/arteva.org\/#breadcrumb"},"inLanguage":"fr-FR","potentialAction":[{"@type":"ReadAction","target":["https:\/\/arteva.org\/"]}]},{"@type":"ImageObject","inLanguage":"fr-FR","@id":"https:\/\/arteva.org\/#primaryimage","url":"https:\/\/arteva.org\/wp-content\/uploads\/2024\/11\/Un-evenement-ARTEVA.jpg","contentUrl":"https:\/\/arteva.org\/wp-content\/uploads\/2024\/11\/Un-evenement-ARTEVA.jpg","width":940,"height":847,"caption":"ARTEVA \u00e9v\u00e9nement"},{"@type":"BreadcrumbList","@id":"https:\/\/arteva.org\/#breadcrumb","itemListElement":[{"@type":"ListItem","position":1,"name":"Accueil","item":"https:\/\/arteva.org\/"},{"@type":"ListItem","position":2,"name":"ARTEVA cr\u00e9ateur d&rsquo;\u00e9v\u00e9nements artistiques"}]},{"@type":"WebSite","@id":"https:\/\/arteva.org\/#website","url":"https:\/\/arteva.org\/","name":"ARTEVA","description":"Bienvenue sur le site ARTEVA : cr\u00e9ateur d&#039;\u00e9v\u00e9nements artistiques","publisher":{"@id":"https:\/\/arteva.org\/#organization"},"potentialAction":[{"@type":"SearchAction","target":{"@type":"EntryPoint","urlTemplate":"https:\/\/arteva.org\/?s={search_term_string}"},"query-input":{"@type":"PropertyValueSpecification","valueRequired":true,"valueName":"search_term_string"}}],"inLanguage":"fr-FR"},{"@type":"Organization","@id":"https:\/\/arteva.org\/#organization","name":"ARTEVA","url":"https:\/\/arteva.org\/","logo":{"@type":"ImageObject","inLanguage":"fr-FR","@id":"https:\/\/arteva.org\/#\/schema\/logo\/image\/","url":"http:\/\/arteva.org\/wp-content\/uploads\/2024\/11\/event_arteva.gif","contentUrl":"http:\/\/arteva.org\/wp-content\/uploads\/2024\/11\/event_arteva.gif","width":83,"height":20,"caption":"ARTEVA"},"image":{"@id":"https:\/\/arteva.org\/#\/schema\/logo\/image\/"}}]}},"_links":{"self":[{"href":"https:\/\/arteva.org\/index.php\/wp-json\/wp\/v2\/pages\/16","targetHints":{"allow":["GET"]}}],"collection":[{"href":"https:\/\/arteva.org\/index.php\/wp-json\/wp\/v2\/pages"}],"about":[{"href":"https:\/\/arteva.org\/index.php\/wp-json\/wp\/v2\/types\/page"}],"author":[{"embeddable":true,"href":"https:\/\/arteva.org\/index.php\/wp-json\/wp\/v2\/users\/1"}],"replies":[{"embeddable":true,"href":"https:\/\/arteva.org\/index.php\/wp-json\/wp\/v2\/comments?post=16"}],"version-history":[{"count":34,"href":"https:\/\/arteva.org\/index.php\/wp-json\/wp\/v2\/pages\/16\/revisions"}],"predecessor-version":[{"id":403,"href":"https:\/\/arteva.org\/index.php\/wp-json\/wp\/v2\/pages\/16\/revisions\/403"}],"wp:attachment":[{"href":"https:\/\/arteva.org\/index.php\/wp-json\/wp\/v2\/media?parent=16"}],"curies":[{"name":"wp","href":"https:\/\/api.w.org\/{rel}","templated":true}]}}