{"id":333,"date":"2026-03-12T10:25:43","date_gmt":"2026-03-12T09:25:43","guid":{"rendered":"https:\/\/arteva.org\/?page_id=333"},"modified":"2026-03-25T17:36:07","modified_gmt":"2026-03-25T16:36:07","slug":"presentation-de-lassociation-arteva","status":"publish","type":"page","link":"https:\/\/arteva.org\/index.php\/presentation-de-lassociation-arteva\/","title":{"rendered":"Pr\u00e9sentation de l\u2019association ARTEVA"},"content":{"rendered":"\n<p>Pr\u00e9sentation de l&rsquo;association ARTEVA est une association culturelle et artistique r\u00e9gie par la Loi de 1901, d\u00e9clar\u00e9e \u00e0 la Pr\u00e9fecture de Loire Atlantique. Cr\u00e9\u00e9e initialement \u00e0 La Roche-Guyon (Val d\u2019Oise), elle s\u2019est transf\u00e9r\u00e9e \u00e0 Nantes en mai 2006.<\/p>\n\n\n\n<p>Son objet principal est la cr\u00e9ation de manifestations favorisant la mise en valeur et la promotion du travail des artistes, essentiellement dans le domaine des arts plastiques.<\/p>\n\n\n\n<p>L\u2019objectif d\u2019ARTEVA est d\u2019apporter une aide aux artistes notamment par la pr\u00e9sentation de leurs travaux&nbsp; \u00e0 des structures sp\u00e9cialis\u00e9es (organismes ou galeries) ou par l\u2019organisation directe de manifestations et expositions de leurs \u0153uvres.<\/p>\n\n\n\n<p>Objectifs<\/p>\n\n\n\n<ul class=\"wp-block-list\">\n<li>d\u00e9couvrir, rencontrer et encourager les artistes de tous horizons<\/li>\n\n\n\n<li>pr\u00e9senter leurs \u0153uvres suivant un protocole de qualit\u00e9<\/li>\n\n\n\n<li>cr\u00e9er et maintenir un lien entre des artistes, des galeries&nbsp;et des lieux d\u2019exposition<\/li>\n\n\n\n<li>contribuer \u00e0 int\u00e9resser le public \u00e0 l\u2019art contemporain.<\/li>\n<\/ul>\n\n\n\n<p>ARTEVA assure&nbsp;\u00e9galement :<\/p>\n\n\n\n<ul class=\"wp-block-list\">\n<li>un travail de conseil et d\u2019orientation des artistes aux fins de d\u00e9marches aupr\u00e8s des milieux int\u00e9ress\u00e9s<\/li>\n\n\n\n<li>la conception, le pilotage et la r\u00e9alisation de projets<\/li>\n\n\n\n<li>l\u2019organisation et le commissariat de manifestations culturelles et artistiques.<\/li>\n<\/ul>\n\n\n\n<p>Et, \u00e0 cet effet, con\u00e7oit et organise des partenariats ponctuels avec les collectivit\u00e9s locales, les associations culturelles et les galeries.<\/p>\n\n\n\n<p>Ainsi, ARTEVA a pris l\u2019initiative de cr\u00e9er d\u00e8s 2007, avec la participation de galeries nantaises et angevines poursuivie en 2008, un \u00e9v\u00e9nement artistique d\u00e9nomm\u00e9 \u00ab&nbsp;<strong><a href=\"https:\/\/arteva.org\/index.php\/les-arts-papiers\/\">les Arts Papier<\/a>&nbsp;\u00bb \u00ae<\/strong>, dont la douzi\u00e8me \u00e9dition s\u2019est tenue \u00e0 Nantes en avril 2023.<\/p>\n\n\n\n<p>De novembre 2011 \u00e0 d\u00e9cembre 2017, parall\u00e8lement \u00e0 ses activit\u00e9s propres, ARTEVA a anim\u00e9, en partenariat avec l\u2019association \u00ab&nbsp;Caf\u00e9 des N\u00e9gociants&nbsp;\u00bb, un espace d\u2019art contemporain \u00e0 Rez\u00e9 (Loire-Atlantique) o\u00f9 elle a organis\u00e9 pr\u00e8s de soixante expositions tr\u00e8s appr\u00e9ci\u00e9es des amateurs d\u2019art de la r\u00e9gion nantaise.<\/p>\n\n\n\n<p>Depuis fin 2017, ARTEVA poursuit ses activit\u00e9s d\u2019expositions dans divers lieux au gr\u00e9 de leur disponibilit\u00e9.<\/p>\n\n\n\n<p><\/p>\n","protected":false},"excerpt":{"rendered":"<p>Pr\u00e9sentation de l&rsquo;association ARTEVA est une association culturelle et artistique r\u00e9gie par la Loi de 1901, d\u00e9clar\u00e9e \u00e0 la Pr\u00e9fecture de Loire Atlantique. Cr\u00e9\u00e9e initialement \u00e0 La Roche-Guyon (Val d\u2019Oise), elle s\u2019est transf\u00e9r\u00e9e \u00e0 Nantes en mai 2006. Son objet principal est la cr\u00e9ation de manifestations favorisant la mise en valeur et la promotion du [&hellip;]<\/p>\n","protected":false},"author":1,"featured_media":0,"parent":0,"menu_order":0,"comment_status":"closed","ping_status":"closed","template":"","meta":{"footnotes":""},"class_list":["post-333","page","type-page","status-publish","hentry"],"yoast_head":"<!-- This site is optimized with the Yoast SEO plugin v27.1.1 - https:\/\/yoast.com\/product\/yoast-seo-wordpress\/ -->\n<title>Pr\u00e9sentation de l\u2019association ARTEVA - ARTEVA<\/title>\n<meta name=\"description\" content=\"Pr\u00e9sentation de l&#039;association ARTEVA : manifestations favorisant la mise en valeur et la promotion des artistes, domaine des arts plastiques.\" \/>\n<meta name=\"robots\" content=\"index, follow, max-snippet:-1, max-image-preview:large, max-video-preview:-1\" \/>\n<link rel=\"canonical\" href=\"https:\/\/arteva.org\/index.php\/presentation-de-lassociation-arteva\/\" \/>\n<meta property=\"og:locale\" content=\"fr_FR\" \/>\n<meta property=\"og:type\" content=\"article\" \/>\n<meta property=\"og:title\" content=\"Pr\u00e9sentation de l\u2019association ARTEVA - ARTEVA\" \/>\n<meta property=\"og:description\" content=\"Pr\u00e9sentation de l&#039;association ARTEVA : manifestations favorisant la mise en valeur et la promotion des artistes, domaine des arts plastiques.\" \/>\n<meta property=\"og:url\" content=\"https:\/\/arteva.org\/index.php\/presentation-de-lassociation-arteva\/\" \/>\n<meta property=\"og:site_name\" content=\"ARTEVA\" \/>\n<meta property=\"article:modified_time\" content=\"2026-03-25T16:36:07+00:00\" \/>\n<meta name=\"twitter:card\" content=\"summary_large_image\" \/>\n<meta name=\"twitter:label1\" content=\"Dur\u00e9e de lecture estim\u00e9e\" \/>\n\t<meta name=\"twitter:data1\" content=\"2 minutes\" \/>\n<script type=\"application\/ld+json\" class=\"yoast-schema-graph\">{\"@context\":\"https:\/\/schema.org\",\"@graph\":[{\"@type\":\"WebPage\",\"@id\":\"https:\/\/arteva.org\/index.php\/presentation-de-lassociation-arteva\/\",\"url\":\"https:\/\/arteva.org\/index.php\/presentation-de-lassociation-arteva\/\",\"name\":\"Pr\u00e9sentation de l\u2019association ARTEVA - ARTEVA\",\"isPartOf\":{\"@id\":\"https:\/\/arteva.org\/#website\"},\"datePublished\":\"2026-03-12T09:25:43+00:00\",\"dateModified\":\"2026-03-25T16:36:07+00:00\",\"description\":\"Pr\u00e9sentation de l'association ARTEVA : manifestations favorisant la mise en valeur et la promotion des artistes, domaine des arts plastiques.\",\"breadcrumb\":{\"@id\":\"https:\/\/arteva.org\/index.php\/presentation-de-lassociation-arteva\/#breadcrumb\"},\"inLanguage\":\"fr-FR\",\"potentialAction\":[{\"@type\":\"ReadAction\",\"target\":[\"https:\/\/arteva.org\/index.php\/presentation-de-lassociation-arteva\/\"]}]},{\"@type\":\"BreadcrumbList\",\"@id\":\"https:\/\/arteva.org\/index.php\/presentation-de-lassociation-arteva\/#breadcrumb\",\"itemListElement\":[{\"@type\":\"ListItem\",\"position\":1,\"name\":\"Accueil\",\"item\":\"https:\/\/arteva.org\/\"},{\"@type\":\"ListItem\",\"position\":2,\"name\":\"Pr\u00e9sentation de l\u2019association ARTEVA\"}]},{\"@type\":\"WebSite\",\"@id\":\"https:\/\/arteva.org\/#website\",\"url\":\"https:\/\/arteva.org\/\",\"name\":\"ARTEVA\",\"description\":\"Bienvenue sur le site ARTEVA : cr\u00e9ateur d&#039;\u00e9v\u00e9nements artistiques\",\"publisher\":{\"@id\":\"https:\/\/arteva.org\/#organization\"},\"potentialAction\":[{\"@type\":\"SearchAction\",\"target\":{\"@type\":\"EntryPoint\",\"urlTemplate\":\"https:\/\/arteva.org\/?s={search_term_string}\"},\"query-input\":{\"@type\":\"PropertyValueSpecification\",\"valueRequired\":true,\"valueName\":\"search_term_string\"}}],\"inLanguage\":\"fr-FR\"},{\"@type\":\"Organization\",\"@id\":\"https:\/\/arteva.org\/#organization\",\"name\":\"ARTEVA\",\"url\":\"https:\/\/arteva.org\/\",\"logo\":{\"@type\":\"ImageObject\",\"inLanguage\":\"fr-FR\",\"@id\":\"https:\/\/arteva.org\/#\/schema\/logo\/image\/\",\"url\":\"http:\/\/arteva.org\/wp-content\/uploads\/2024\/11\/event_arteva.gif\",\"contentUrl\":\"http:\/\/arteva.org\/wp-content\/uploads\/2024\/11\/event_arteva.gif\",\"width\":83,\"height\":20,\"caption\":\"ARTEVA\"},\"image\":{\"@id\":\"https:\/\/arteva.org\/#\/schema\/logo\/image\/\"}}]}<\/script>\n<!-- \/ Yoast SEO plugin. -->","yoast_head_json":{"title":"Pr\u00e9sentation de l\u2019association ARTEVA - ARTEVA","description":"Pr\u00e9sentation de l'association ARTEVA : manifestations favorisant la mise en valeur et la promotion des artistes, domaine des arts plastiques.","robots":{"index":"index","follow":"follow","max-snippet":"max-snippet:-1","max-image-preview":"max-image-preview:large","max-video-preview":"max-video-preview:-1"},"canonical":"https:\/\/arteva.org\/index.php\/presentation-de-lassociation-arteva\/","og_locale":"fr_FR","og_type":"article","og_title":"Pr\u00e9sentation de l\u2019association ARTEVA - ARTEVA","og_description":"Pr\u00e9sentation de l'association ARTEVA : manifestations favorisant la mise en valeur et la promotion des artistes, domaine des arts plastiques.","og_url":"https:\/\/arteva.org\/index.php\/presentation-de-lassociation-arteva\/","og_site_name":"ARTEVA","article_modified_time":"2026-03-25T16:36:07+00:00","twitter_card":"summary_large_image","twitter_misc":{"Dur\u00e9e de lecture estim\u00e9e":"2 minutes"},"schema":{"@context":"https:\/\/schema.org","@graph":[{"@type":"WebPage","@id":"https:\/\/arteva.org\/index.php\/presentation-de-lassociation-arteva\/","url":"https:\/\/arteva.org\/index.php\/presentation-de-lassociation-arteva\/","name":"Pr\u00e9sentation de l\u2019association ARTEVA - ARTEVA","isPartOf":{"@id":"https:\/\/arteva.org\/#website"},"datePublished":"2026-03-12T09:25:43+00:00","dateModified":"2026-03-25T16:36:07+00:00","description":"Pr\u00e9sentation de l'association ARTEVA : manifestations favorisant la mise en valeur et la promotion des artistes, domaine des arts plastiques.","breadcrumb":{"@id":"https:\/\/arteva.org\/index.php\/presentation-de-lassociation-arteva\/#breadcrumb"},"inLanguage":"fr-FR","potentialAction":[{"@type":"ReadAction","target":["https:\/\/arteva.org\/index.php\/presentation-de-lassociation-arteva\/"]}]},{"@type":"BreadcrumbList","@id":"https:\/\/arteva.org\/index.php\/presentation-de-lassociation-arteva\/#breadcrumb","itemListElement":[{"@type":"ListItem","position":1,"name":"Accueil","item":"https:\/\/arteva.org\/"},{"@type":"ListItem","position":2,"name":"Pr\u00e9sentation de l\u2019association ARTEVA"}]},{"@type":"WebSite","@id":"https:\/\/arteva.org\/#website","url":"https:\/\/arteva.org\/","name":"ARTEVA","description":"Bienvenue sur le site ARTEVA : cr\u00e9ateur d&#039;\u00e9v\u00e9nements artistiques","publisher":{"@id":"https:\/\/arteva.org\/#organization"},"potentialAction":[{"@type":"SearchAction","target":{"@type":"EntryPoint","urlTemplate":"https:\/\/arteva.org\/?s={search_term_string}"},"query-input":{"@type":"PropertyValueSpecification","valueRequired":true,"valueName":"search_term_string"}}],"inLanguage":"fr-FR"},{"@type":"Organization","@id":"https:\/\/arteva.org\/#organization","name":"ARTEVA","url":"https:\/\/arteva.org\/","logo":{"@type":"ImageObject","inLanguage":"fr-FR","@id":"https:\/\/arteva.org\/#\/schema\/logo\/image\/","url":"http:\/\/arteva.org\/wp-content\/uploads\/2024\/11\/event_arteva.gif","contentUrl":"http:\/\/arteva.org\/wp-content\/uploads\/2024\/11\/event_arteva.gif","width":83,"height":20,"caption":"ARTEVA"},"image":{"@id":"https:\/\/arteva.org\/#\/schema\/logo\/image\/"}}]}},"_links":{"self":[{"href":"https:\/\/arteva.org\/index.php\/wp-json\/wp\/v2\/pages\/333","targetHints":{"allow":["GET"]}}],"collection":[{"href":"https:\/\/arteva.org\/index.php\/wp-json\/wp\/v2\/pages"}],"about":[{"href":"https:\/\/arteva.org\/index.php\/wp-json\/wp\/v2\/types\/page"}],"author":[{"embeddable":true,"href":"https:\/\/arteva.org\/index.php\/wp-json\/wp\/v2\/users\/1"}],"replies":[{"embeddable":true,"href":"https:\/\/arteva.org\/index.php\/wp-json\/wp\/v2\/comments?post=333"}],"version-history":[{"count":1,"href":"https:\/\/arteva.org\/index.php\/wp-json\/wp\/v2\/pages\/333\/revisions"}],"predecessor-version":[{"id":334,"href":"https:\/\/arteva.org\/index.php\/wp-json\/wp\/v2\/pages\/333\/revisions\/334"}],"wp:attachment":[{"href":"https:\/\/arteva.org\/index.php\/wp-json\/wp\/v2\/media?parent=333"}],"curies":[{"name":"wp","href":"https:\/\/api.w.org\/{rel}","templated":true}]}}

Présentation de l’association ARTEVA

<p>Présentation de l&rsquo;association ARTEVA est une association culturelle et artistique régie par la Loi de 1901, déclarée à la Préfecture de Loire Atlantique. Créée initialement à La Roche-Guyon (Val d’Oise), elle s’est transférée à Nantes en mai 2006.</p>



<p>Son objet principal est la création de manifestations favorisant la mise en valeur et la promotion du travail des artistes, essentiellement dans le domaine des arts plastiques.</p>



<p>L’objectif d’ARTEVA est d’apporter une aide aux artistes notamment par la présentation de leurs travaux&nbsp; à des structures spécialisées (organismes ou galeries) ou par l’organisation directe de manifestations et expositions de leurs œuvres.</p>



<p>Objectifs</p>



<ul class="wp-block-list">
<li>découvrir, rencontrer et encourager les artistes de tous horizons</li>



<li>présenter leurs œuvres suivant un protocole de qualité</li>



<li>créer et maintenir un lien entre des artistes, des galeries&nbsp;et des lieux d’exposition</li>



<li>contribuer à intéresser le public à l’art contemporain.</li>
</ul>



<p>ARTEVA assure&nbsp;également :</p>



<ul class="wp-block-list">
<li>un travail de conseil et d’orientation des artistes aux fins de démarches auprès des milieux intéressés</li>



<li>la conception, le pilotage et la réalisation de projets</li>



<li>l’organisation et le commissariat de manifestations culturelles et artistiques.</li>
</ul>



<p>Et, à cet effet, conçoit et organise des partenariats ponctuels avec les collectivités locales, les associations culturelles et les galeries.</p>



<p>Ainsi, ARTEVA a pris l’initiative de créer dès 2007, avec la participation de galeries nantaises et angevines poursuivie en 2008, un événement artistique dénommé «&nbsp;<strong><a href="https://arteva.org/index.php/les-arts-papiers/">les Arts Papier</a>&nbsp;» ®</strong>, dont la douzième édition s’est tenue à Nantes en avril 2023.</p>



<p>De novembre 2011 à décembre 2017, parallèlement à ses activités propres, ARTEVA a animé, en partenariat avec l’association «&nbsp;Café des Négociants&nbsp;», un espace d’art contemporain à Rezé (Loire-Atlantique) où elle a organisé près de soixante expositions très appréciées des amateurs d’art de la région nantaise.</p>



<p>Depuis fin 2017, ARTEVA poursuit ses activités d’expositions dans divers lieux au gré de leur disponibilité.</p>



<p></p>

<p>Présentation de l&rsquo;association ARTEVA est une association culturelle et artistique régie par la Loi de 1901, déclarée à la Préfecture de Loire Atlantique. Créée initialement à La Roche-Guyon (Val d’Oise), elle s’est transférée à Nantes en mai 2006. Son objet principal est la création de manifestations favorisant la mise en valeur et la promotion du [&hellip;]</p>

<!-- This site is optimized with the Yoast SEO plugin v27.1.1 - https://yoast.com/product/yoast-seo-wordpress/ -->
<title>Présentation de l’association ARTEVA - ARTEVA</title>
<meta name="description" content="Présentation de l&#039;association ARTEVA : manifestations favorisant la mise en valeur et la promotion des artistes, domaine des arts plastiques." />
<meta name="robots" content="index, follow, max-snippet:-1, max-image-preview:large, max-video-preview:-1" />
<link rel="canonical" href="https://arteva.org/index.php/presentation-de-lassociation-arteva/" />
<meta property="og:locale" content="fr_FR" />
<meta property="og:type" content="article" />
<meta property="og:title" content="Présentation de l’association ARTEVA - ARTEVA" />
<meta property="og:description" content="Présentation de l&#039;association ARTEVA : manifestations favorisant la mise en valeur et la promotion des artistes, domaine des arts plastiques." />
<meta property="og:url" content="https://arteva.org/index.php/presentation-de-lassociation-arteva/" />
<meta property="og:site_name" content="ARTEVA" />
<meta property="article:modified_time" content="2026-03-25T16:36:07+00:00" />
<meta name="twitter:card" content="summary_large_image" />
<meta name="twitter:label1" content="Durée de lecture estimée" />
	<meta name="twitter:data1" content="2 minutes" />
<script type="application/ld+json" class="yoast-schema-graph">{"@context":"https://schema.org","@graph":[{"@type":"WebPage","@id":"https://arteva.org/index.php/presentation-de-lassociation-arteva/","url":"https://arteva.org/index.php/presentation-de-lassociation-arteva/","name":"Présentation de l’association ARTEVA - ARTEVA","isPartOf":{"@id":"https://arteva.org/#website"},"datePublished":"2026-03-12T09:25:43+00:00","dateModified":"2026-03-25T16:36:07+00:00","description":"Présentation de l'association ARTEVA : manifestations favorisant la mise en valeur et la promotion des artistes, domaine des arts plastiques.","breadcrumb":{"@id":"https://arteva.org/index.php/presentation-de-lassociation-arteva/#breadcrumb"},"inLanguage":"fr-FR","potentialAction":[{"@type":"ReadAction","target":["https://arteva.org/index.php/presentation-de-lassociation-arteva/"]}]},{"@type":"BreadcrumbList","@id":"https://arteva.org/index.php/presentation-de-lassociation-arteva/#breadcrumb","itemListElement":[{"@type":"ListItem","position":1,"name":"Accueil","item":"https://arteva.org/"},{"@type":"ListItem","position":2,"name":"Présentation de l’association ARTEVA"}]},{"@type":"WebSite","@id":"https://arteva.org/#website","url":"https://arteva.org/","name":"ARTEVA","description":"Bienvenue sur le site ARTEVA : créateur d&#039;événements artistiques","publisher":{"@id":"https://arteva.org/#organization"},"potentialAction":[{"@type":"SearchAction","target":{"@type":"EntryPoint","urlTemplate":"https://arteva.org/?s={search_term_string}"},"query-input":{"@type":"PropertyValueSpecification","valueRequired":true,"valueName":"search_term_string"}}],"inLanguage":"fr-FR"},{"@type":"Organization","@id":"https://arteva.org/#organization","name":"ARTEVA","url":"https://arteva.org/","logo":{"@type":"ImageObject","inLanguage":"fr-FR","@id":"https://arteva.org/#/schema/logo/image/","url":"http://arteva.org/wp-content/uploads/2024/11/event_arteva.gif","contentUrl":"http://arteva.org/wp-content/uploads/2024/11/event_arteva.gif","width":83,"height":20,"caption":"ARTEVA"},"image":{"@id":"https://arteva.org/#/schema/logo/image/"}}]}</script>
<!-- / Yoast SEO plugin. -->

Présentation de l’association ARTEVA - ARTEVA

Présentation de l'association ARTEVA : manifestations favorisant la mise en valeur et la promotion des artistes, domaine des arts plastiques.

Bienvenue sur le site ARTEVA : créateur d&#039;événements artistiques
